{"id":1962,"date":"2023-09-28T17:10:11","date_gmt":"2023-09-28T20:10:11","guid":{"rendered":"https:\/\/gruposantaluzia.com.br\/Grupo\/?page_id=1962"},"modified":"2023-10-06T12:57:51","modified_gmt":"2023-10-06T15:57:51","slug":"quienes-somos","status":"publish","type":"page","link":"https:\/\/gruposantaluzia.com.br\/Grupo\/quienes-somos\/","title":{"rendered":"Quienes Somos"},"content":{"rendered":"\t\t<div data-elementor-type=\"wp-page\" data-elementor-id=\"1962\" class=\"elementor elementor-1962\">\n\t\t\t\t\t\t<section class=\"elementor-section elementor-top-section elementor-element elementor-element-4f1ee661 elementor-section-content-bottom elementor-hidden-desktop elementor-hidden-tablet elementor-section-boxed elementor-section-height-default elementor-section-height-default\" data-id=\"4f1ee661\" data-element_type=\"section\" data-e-type=\"section\">\n\t\t\t\t\t\t<div class=\"elementor-container elementor-column-gap-default\">\n\t\t\t\t\t<div class=\"elementor-column elementor-col-66 elementor-top-column elementor-element elementor-element-7c49bccc\" data-id=\"7c49bccc\" data-element_type=\"column\" data-e-type=\"column\">\n\t\t\t<div class=\"elementor-widget-wrap elementor-element-populated\">\n\t\t\t\t\t\t<div class=\"elementor-element elementor-element-2130fd62 elementor-widget elementor-widget-image\" data-id=\"2130fd62\" data-element_type=\"widget\" data-e-type=\"widget\" data-widget_type=\"image.default\">\n\t\t\t\t<div class=\"elementor-widget-container\">\n\t\t\t\t\t\t\t\t\t\t\t\t\t\t\t<img decoding=\"async\" width=\"244\" height=\"106\" src=\"https:\/\/gruposantaluzia.com.br\/Grupo\/wp-content\/uploads\/2019\/12\/logo.png\" class=\"attachment-large size-large wp-image-58\" alt=\"Logo Grupo Santa Luzia\" sizes=\"100vw\" \/>\t\t\t\t\t\t\t\t\t\t\t\t\t\t\t<\/div>\n\t\t\t\t<\/div>\n\t\t\t\t\t<\/div>\n\t\t<\/div>\n\t\t\t\t<div class=\"elementor-column elementor-col-33 elementor-top-column elementor-element elementor-element-42fbe29c\" data-id=\"42fbe29c\" data-element_type=\"column\" data-e-type=\"column\">\n\t\t\t<div class=\"elementor-widget-wrap elementor-element-populated\">\n\t\t\t\t\t\t<section class=\"elementor-section elementor-inner-section elementor-element elementor-element-1cbb438b elementor-section-boxed elementor-section-height-default elementor-section-height-default\" data-id=\"1cbb438b\" data-element_type=\"section\" data-e-type=\"section\">\n\t\t\t\t\t\t<div class=\"elementor-container elementor-column-gap-default\">\n\t\t\t\t\t<div class=\"elementor-column elementor-col-100 elementor-inner-column elementor-element elementor-element-2ca30ad5\" data-id=\"2ca30ad5\" data-element_type=\"column\" data-e-type=\"column\">\n\t\t\t<div class=\"elementor-widget-wrap elementor-element-populated\">\n\t\t\t\t\t\t<div class=\"elementor-element elementor-element-47aff0e9 elementor-widget__width-auto elementor-widget elementor-widget-image\" data-id=\"47aff0e9\" data-element_type=\"widget\" data-e-type=\"widget\" data-widget_type=\"image.default\">\n\t\t\t\t<div class=\"elementor-widget-container\">\n\t\t\t\t\t\t\t\t\t\t\t\t\t\t\t\t<a href=\"https:\/\/gruposantaluzia.com.br\">\n\t\t\t\t\t\t\t<img decoding=\"async\" width=\"20\" height=\"13\" src=\"https:\/\/gruposantaluzia.com.br\/Grupo\/wp-content\/uploads\/2023\/09\/bandeira-brasil.png\" class=\"attachment-large size-large wp-image-1952\" alt=\"Portugu\u00eas brasileiro\" sizes=\"100vw\" \/>\t\t\t\t\t\t\t\t<\/a>\n\t\t\t\t\t\t\t\t\t\t\t\t\t\t\t<\/div>\n\t\t\t\t<\/div>\n\t\t\t\t<div class=\"elementor-element elementor-element-3f07f547 elementor-widget__width-auto elementor-widget elementor-widget-image\" data-id=\"3f07f547\" data-element_type=\"widget\" data-e-type=\"widget\" data-widget_type=\"image.default\">\n\t\t\t\t<div class=\"elementor-widget-container\">\n\t\t\t\t\t\t\t\t\t\t\t\t\t\t\t\t<a href=\"https:\/\/gruposantaluzia.com.br\/Grupo\/who-we-are\/\">\n\t\t\t\t\t\t\t<img decoding=\"async\" width=\"20\" height=\"13\" src=\"https:\/\/gruposantaluzia.com.br\/Grupo\/wp-content\/uploads\/2023\/09\/bandeira-uk.png\" class=\"attachment-large size-large wp-image-1954\" alt=\"English\" sizes=\"100vw\" \/>\t\t\t\t\t\t\t\t<\/a>\n\t\t\t\t\t\t\t\t\t\t\t\t\t\t\t<\/div>\n\t\t\t\t<\/div>\n\t\t\t\t\t<\/div>\n\t\t<\/div>\n\t\t\t\t\t<\/div>\n\t\t<\/section>\n\t\t\t\t<div class=\"elementor-element elementor-element-45ce357a elementor-widget elementor-widget-wp-widget-maxmegamenu\" data-id=\"45ce357a\" data-element_type=\"widget\" data-e-type=\"widget\" data-widget_type=\"wp-widget-maxmegamenu.default\">\n\t\t\t\t<div class=\"elementor-widget-container\">\n\t\t\t\t\t<div id=\"mega-menu-wrap-max_mega_menu_2\" class=\"mega-menu-wrap\"><div class=\"mega-menu-toggle\"><div class=\"mega-toggle-blocks-left\"><\/div><div class=\"mega-toggle-blocks-center\"><\/div><div class=\"mega-toggle-blocks-right\"><div class='mega-toggle-block mega-menu-toggle-block mega-toggle-block-1' id='mega-toggle-block-1'><span aria-expanded=\"false\" aria-haspopup=\"true\" role=\"button\" class='mega-toggle-label'><span class='mega-toggle-label-closed'><\/span><span class='mega-toggle-label-open'><\/span><\/span><\/div><\/div><\/div><ul id=\"mega-menu-max_mega_menu_2\" class=\"mega-menu max-mega-menu mega-menu-horizontal mega-no-js\" data-event=\"hover_intent\" data-effect=\"fade_up\" data-effect-speed=\"200\" data-effect-mobile=\"disabled\" data-effect-speed-mobile=\"0\" data-mobile-force-width=\"body\" data-second-click=\"go\" data-document-click=\"collapse\" data-vertical-behaviour=\"standard\" data-breakpoint=\"900\" data-unbind=\"true\" data-mobile-state=\"collapse_all\" data-mobile-direction=\"vertical\"><li class=\"mega-menu-item mega-menu-item-type-post_type mega-menu-item-object-page mega-menu-item-has-children mega-align-bottom-left mega-menu-flyout mega-menu-item-2095 menu-item\" id=\"mega-menu-item-2095\"><a class=\"mega-menu-link\" href=\"https:\/\/gruposantaluzia.com.br\/Grupo\/quienes-somos\/\" aria-expanded=\"false\" aria-controls=\"mega-sub-menu-2095\">Quienes Somos<span class=\"mega-indicator\" aria-hidden=\"true\"><\/span><\/a>\n<ul class=\"mega-sub-menu\" id='mega-sub-menu-2095'>\n<li class=\"mega-menu-item mega-menu-item-type-post_type mega-menu-item-object-page mega-menu-item-2091 menu-item\" id=\"mega-menu-item-2091\"><a class=\"mega-menu-link\" href=\"https:\/\/gruposantaluzia.com.br\/Grupo\/nuestra-historia\/\">Nuestra Historia<\/a><\/li><\/ul>\n<\/li><li class=\"mega-menu-item mega-menu-item-type-post_type mega-menu-item-object-page mega-align-bottom-left mega-menu-flyout mega-menu-item-2094 menu-item\" id=\"mega-menu-item-2094\"><a class=\"mega-menu-link\" href=\"https:\/\/gruposantaluzia.com.br\/Grupo\/productos-y-servicios\/\">Productos y Servicios<\/a><\/li><li class=\"mega-menu-item mega-menu-item-type-post_type mega-menu-item-object-page mega-align-bottom-left mega-menu-flyout mega-menu-item-2093 menu-item\" id=\"mega-menu-item-2093\"><a class=\"mega-menu-link\" href=\"https:\/\/gruposantaluzia.com.br\/Grupo\/sostenibilidad\/\">Sostenibilidad<\/a><\/li><li class=\"mega-menu-item mega-menu-item-type-post_type mega-menu-item-object-page mega-align-bottom-left mega-menu-flyout mega-menu-item-2092 menu-item\" id=\"mega-menu-item-2092\"><a class=\"mega-menu-link\" href=\"https:\/\/gruposantaluzia.com.br\/Grupo\/contacto\/\">Contacto<\/a><\/li><\/ul><\/div>\t\t\t\t<\/div>\n\t\t\t\t<\/div>\n\t\t\t\t\t<\/div>\n\t\t<\/div>\n\t\t\t\t\t<\/div>\n\t\t<\/section>\n\t\t\t\t<section class=\"elementor-section elementor-top-section elementor-element elementor-element-776a1bce elementor-section-content-bottom elementor-hidden-mobile elementor-section-boxed elementor-section-height-default elementor-section-height-default\" data-id=\"776a1bce\" data-element_type=\"section\" data-e-type=\"section\">\n\t\t\t\t\t\t<div class=\"elementor-container elementor-column-gap-default\">\n\t\t\t\t\t<div class=\"elementor-column elementor-col-33 elementor-top-column elementor-element elementor-element-28505984\" data-id=\"28505984\" data-element_type=\"column\" data-e-type=\"column\">\n\t\t\t<div class=\"elementor-widget-wrap elementor-element-populated\">\n\t\t\t\t\t\t<div class=\"elementor-element elementor-element-4d40ec90 elementor-widget elementor-widget-image\" data-id=\"4d40ec90\" data-element_type=\"widget\" data-e-type=\"widget\" data-widget_type=\"image.default\">\n\t\t\t\t<div class=\"elementor-widget-container\">\n\t\t\t\t\t\t\t\t\t\t\t\t\t\t\t<img decoding=\"async\" width=\"244\" height=\"106\" src=\"https:\/\/gruposantaluzia.com.br\/Grupo\/wp-content\/uploads\/2019\/12\/logo.png\" class=\"attachment-large size-large wp-image-58\" alt=\"Logo Grupo Santa Luzia\" sizes=\"100vw\" \/>\t\t\t\t\t\t\t\t\t\t\t\t\t\t\t<\/div>\n\t\t\t\t<\/div>\n\t\t\t\t\t<\/div>\n\t\t<\/div>\n\t\t\t\t<div class=\"elementor-column elementor-col-66 elementor-top-column elementor-element elementor-element-155024b8\" data-id=\"155024b8\" data-element_type=\"column\" data-e-type=\"column\">\n\t\t\t<div class=\"elementor-widget-wrap elementor-element-populated\">\n\t\t\t\t\t\t<section class=\"elementor-section elementor-inner-section elementor-element elementor-element-7de8f040 elementor-section-boxed elementor-section-height-default elementor-section-height-default\" data-id=\"7de8f040\" data-element_type=\"section\" data-e-type=\"section\">\n\t\t\t\t\t\t<div class=\"elementor-container elementor-column-gap-default\">\n\t\t\t\t\t<div class=\"elementor-column elementor-col-100 elementor-inner-column elementor-element elementor-element-5947f2ca\" data-id=\"5947f2ca\" data-element_type=\"column\" data-e-type=\"column\">\n\t\t\t<div class=\"elementor-widget-wrap elementor-element-populated\">\n\t\t\t\t\t\t<div class=\"elementor-element elementor-element-4358a79f elementor-widget__width-auto elementor-widget elementor-widget-image\" data-id=\"4358a79f\" data-element_type=\"widget\" data-e-type=\"widget\" data-widget_type=\"image.default\">\n\t\t\t\t<div class=\"elementor-widget-container\">\n\t\t\t\t\t\t\t\t\t\t\t\t\t\t\t\t<a href=\"https:\/\/gruposantaluzia.com.br\">\n\t\t\t\t\t\t\t<img decoding=\"async\" width=\"20\" height=\"13\" src=\"https:\/\/gruposantaluzia.com.br\/Grupo\/wp-content\/uploads\/2023\/09\/bandeira-brasil.png\" class=\"attachment-large size-large wp-image-1952\" alt=\"Portugu\u00eas brasileiro\" sizes=\"100vw\" \/>\t\t\t\t\t\t\t\t<\/a>\n\t\t\t\t\t\t\t\t\t\t\t\t\t\t\t<\/div>\n\t\t\t\t<\/div>\n\t\t\t\t<div class=\"elementor-element elementor-element-2e9a265 elementor-widget__width-auto elementor-widget elementor-widget-image\" data-id=\"2e9a265\" data-element_type=\"widget\" data-e-type=\"widget\" data-widget_type=\"image.default\">\n\t\t\t\t<div class=\"elementor-widget-container\">\n\t\t\t\t\t\t\t\t\t\t\t\t\t\t\t\t<a href=\"https:\/\/gruposantaluzia.com.br\/Grupo\/who-we-are\/\">\n\t\t\t\t\t\t\t<img decoding=\"async\" width=\"20\" height=\"13\" src=\"https:\/\/gruposantaluzia.com.br\/Grupo\/wp-content\/uploads\/2023\/09\/bandeira-uk.png\" class=\"attachment-large size-large wp-image-1954\" alt=\"English\" sizes=\"100vw\" \/>\t\t\t\t\t\t\t\t<\/a>\n\t\t\t\t\t\t\t\t\t\t\t\t\t\t\t<\/div>\n\t\t\t\t<\/div>\n\t\t\t\t\t<\/div>\n\t\t<\/div>\n\t\t\t\t\t<\/div>\n\t\t<\/section>\n\t\t\t\t<div class=\"elementor-element elementor-element-6e3850ba elementor-widget elementor-widget-wp-widget-maxmegamenu\" data-id=\"6e3850ba\" data-element_type=\"widget\" data-e-type=\"widget\" data-widget_type=\"wp-widget-maxmegamenu.default\">\n\t\t\t\t<div class=\"elementor-widget-container\">\n\t\t\t\t\t<div id=\"mega-menu-wrap-max_mega_menu_2\" class=\"mega-menu-wrap\"><div class=\"mega-menu-toggle\"><div class=\"mega-toggle-blocks-left\"><\/div><div class=\"mega-toggle-blocks-center\"><\/div><div class=\"mega-toggle-blocks-right\"><div class='mega-toggle-block mega-menu-toggle-block mega-toggle-block-1' id='mega-toggle-block-1'><span aria-expanded=\"false\" aria-haspopup=\"true\" role=\"button\" class='mega-toggle-label'><span class='mega-toggle-label-closed'><\/span><span class='mega-toggle-label-open'><\/span><\/span><\/div><\/div><\/div><ul id=\"mega-menu-max_mega_menu_2\" class=\"mega-menu max-mega-menu mega-menu-horizontal mega-no-js\" data-event=\"hover_intent\" data-effect=\"fade_up\" data-effect-speed=\"200\" data-effect-mobile=\"disabled\" data-effect-speed-mobile=\"0\" data-mobile-force-width=\"body\" data-second-click=\"go\" data-document-click=\"collapse\" data-vertical-behaviour=\"standard\" data-breakpoint=\"900\" data-unbind=\"true\" data-mobile-state=\"collapse_all\" data-mobile-direction=\"vertical\"><li class=\"mega-menu-item mega-menu-item-type-post_type mega-menu-item-object-page mega-menu-item-has-children mega-align-bottom-left mega-menu-flyout mega-menu-item-2095 menu-item\" id=\"mega-menu-item-2095\"><a class=\"mega-menu-link\" href=\"https:\/\/gruposantaluzia.com.br\/Grupo\/quienes-somos\/\" aria-expanded=\"false\" aria-controls=\"mega-sub-menu-2095\">Quienes Somos<span class=\"mega-indicator\" aria-hidden=\"true\"><\/span><\/a>\n<ul class=\"mega-sub-menu\" id='mega-sub-menu-2095'>\n<li class=\"mega-menu-item mega-menu-item-type-post_type mega-menu-item-object-page mega-menu-item-2091 menu-item\" id=\"mega-menu-item-2091\"><a class=\"mega-menu-link\" href=\"https:\/\/gruposantaluzia.com.br\/Grupo\/nuestra-historia\/\">Nuestra Historia<\/a><\/li><\/ul>\n<\/li><li class=\"mega-menu-item mega-menu-item-type-post_type mega-menu-item-object-page mega-align-bottom-left mega-menu-flyout mega-menu-item-2094 menu-item\" id=\"mega-menu-item-2094\"><a class=\"mega-menu-link\" href=\"https:\/\/gruposantaluzia.com.br\/Grupo\/productos-y-servicios\/\">Productos y Servicios<\/a><\/li><li class=\"mega-menu-item mega-menu-item-type-post_type mega-menu-item-object-page mega-align-bottom-left mega-menu-flyout mega-menu-item-2093 menu-item\" id=\"mega-menu-item-2093\"><a class=\"mega-menu-link\" href=\"https:\/\/gruposantaluzia.com.br\/Grupo\/sostenibilidad\/\">Sostenibilidad<\/a><\/li><li class=\"mega-menu-item mega-menu-item-type-post_type mega-menu-item-object-page mega-align-bottom-left mega-menu-flyout mega-menu-item-2092 menu-item\" id=\"mega-menu-item-2092\"><a class=\"mega-menu-link\" href=\"https:\/\/gruposantaluzia.com.br\/Grupo\/contacto\/\">Contacto<\/a><\/li><\/ul><\/div>\t\t\t\t<\/div>\n\t\t\t\t<\/div>\n\t\t\t\t\t<\/div>\n\t\t<\/div>\n\t\t\t\t\t<\/div>\n\t\t<\/section>\n\t\t\t\t<section class=\"elementor-section elementor-top-section elementor-element elementor-element-a0a2ea6 elementor-section-stretched elementor-section-full_width elementor-section-height-default elementor-section-height-default\" data-id=\"a0a2ea6\" data-element_type=\"section\" data-e-type=\"section\" data-settings=\"{&quot;background_background&quot;:&quot;classic&quot;,&quot;stretch_section&quot;:&quot;section-stretched&quot;}\">\n\t\t\t\t\t\t<div class=\"elementor-container elementor-column-gap-default\">\n\t\t\t\t\t<div class=\"elementor-column elementor-col-100 elementor-top-column elementor-element elementor-element-0b9e526\" data-id=\"0b9e526\" data-element_type=\"column\" data-e-type=\"column\">\n\t\t\t<div class=\"elementor-widget-wrap elementor-element-populated\">\n\t\t\t\t\t\t\t<\/div>\n\t\t<\/div>\n\t\t\t\t\t<\/div>\n\t\t<\/section>\n\t\t\t\t<section class=\"elementor-section elementor-top-section elementor-element elementor-element-83058c3 elementor-section-boxed elementor-section-height-default elementor-section-height-default\" data-id=\"83058c3\" data-element_type=\"section\" data-e-type=\"section\">\n\t\t\t\t\t\t<div class=\"elementor-container elementor-column-gap-default\">\n\t\t\t\t\t<div class=\"elementor-column elementor-col-100 elementor-top-column elementor-element elementor-element-8026c01\" data-id=\"8026c01\" data-element_type=\"column\" data-e-type=\"column\">\n\t\t\t<div class=\"elementor-widget-wrap elementor-element-populated\">\n\t\t\t\t\t\t<div class=\"elementor-element elementor-element-e3bf7a7 elementor-widget elementor-widget-spacer\" data-id=\"e3bf7a7\" data-element_type=\"widget\" data-e-type=\"widget\" data-widget_type=\"spacer.default\">\n\t\t\t\t<div class=\"elementor-widget-container\">\n\t\t\t\t\t\t\t<div class=\"elementor-spacer\">\n\t\t\t<div class=\"elementor-spacer-inner\"><\/div>\n\t\t<\/div>\n\t\t\t\t\t\t<\/div>\n\t\t\t\t<\/div>\n\t\t\t\t<div class=\"elementor-element elementor-element-8cea3d3 titulo-pagina elementor-widget elementor-widget-text-editor\" data-id=\"8cea3d3\" data-element_type=\"widget\" data-e-type=\"widget\" data-widget_type=\"text-editor.default\">\n\t\t\t\t<div class=\"elementor-widget-container\">\n\t\t\t\t\t\t\t\t\t<p>Qui\u00e9nes somos<\/p>\t\t\t\t\t\t\t\t<\/div>\n\t\t\t\t<\/div>\n\t\t\t\t<div class=\"elementor-element elementor-element-6494126 elementor-widget elementor-widget-image\" data-id=\"6494126\" data-element_type=\"widget\" data-e-type=\"widget\" data-widget_type=\"image.default\">\n\t\t\t\t<div class=\"elementor-widget-container\">\n\t\t\t\t\t\t\t\t\t\t\t\t\t\t\t<img loading=\"lazy\" decoding=\"async\" width=\"120\" height=\"3\" src=\"https:\/\/gruposantaluzia.com.br\/Grupo\/wp-content\/uploads\/2019\/12\/linha-titulo-2.png\" class=\"attachment-large size-large wp-image-165\" alt=\"\" srcset=\"https:\/\/gruposantaluzia.com.br\/Grupo\/wp-content\/uploads\/2019\/12\/linha-titulo-2.png 120w, https:\/\/gruposantaluzia.com.br\/Grupo\/wp-content\/uploads\/2019\/12\/linha-titulo-2-100x3.png 100w\" sizes=\"100vw\" \/>\t\t\t\t\t\t\t\t\t\t\t\t\t\t\t<\/div>\n\t\t\t\t<\/div>\n\t\t\t\t\t<\/div>\n\t\t<\/div>\n\t\t\t\t\t<\/div>\n\t\t<\/section>\n\t\t\t\t<section class=\"elementor-section elementor-top-section elementor-element elementor-element-b8d0760 elementor-section-boxed elementor-section-height-default elementor-section-height-default\" data-id=\"b8d0760\" data-element_type=\"section\" data-e-type=\"section\">\n\t\t\t\t\t\t<div class=\"elementor-container elementor-column-gap-default\">\n\t\t\t\t\t<div class=\"elementor-column elementor-col-50 elementor-top-column elementor-element elementor-element-ebd280c\" data-id=\"ebd280c\" data-element_type=\"column\" data-e-type=\"column\">\n\t\t\t<div class=\"elementor-widget-wrap elementor-element-populated\">\n\t\t\t\t\t\t<div class=\"elementor-element elementor-element-4ba70dd elementor-widget elementor-widget-text-editor\" data-id=\"4ba70dd\" data-element_type=\"widget\" data-e-type=\"widget\" data-widget_type=\"text-editor.default\">\n\t\t\t\t<div class=\"elementor-widget-container\">\n\t\t\t\t\t\t\t\t\t<p>El Grupo Santa Luzia es sin\u00f3nimo de fiabilidad en el sector de las infraestructuras.<\/p><p>A trav\u00e9s de nuestras cuatro empresas &#8211; <strong>Minning<\/strong>, <strong>Ingenier\u00eda<\/strong>, <strong>Concreto<\/strong> y <strong>Mortero<\/strong> &#8211; ofrecemos servicios y productos de calidad para proyectos de construcci\u00f3n de todos los tama\u00f1os, incluyendo construcci\u00f3n pesada, comercial, industrial y residencial.<\/p><p>Siempre guiados por la \u00e9tica y la transparencia en nuestras operaciones comerciales, nos enorgullecemos de haber participado en proyectos significativos para el desarrollo del estado de R\u00edo de Janeiro. Algunos de los proyectos en los que hemos participado incluyen:<\/p><p style=\"padding-left: 40px;\">\u2022 Carretera R\u00edo-Santos<br \/>\u2022 Puente R\u00edo-Niter\u00f3i<br \/>\u2022 Linha Vermelha (L\u00ednea Roja)<br \/>\u2022 Linha Amarela (L\u00ednea Amarilla)<br \/>\u2022 Arco Metropolitano<br \/>\u2022 Juegos Panamericanos<br \/>\u2022Juegos Ol\u00edmpicos<br \/>\u2022 Atlantic Steel Company<br \/>\u2022 ICN (Construcci\u00f3n Naval de Itagua\u00ed)<br \/>\u2022 Porto do Sudeste (Puerto Sureste).<\/p><p>Hoy en d\u00eda, contamos con un equipo de alrededor de 700 profesionales que trabajan en nuestras unidades en Brasil y otros pa\u00edses de Am\u00e9rica Latina.<\/p>\t\t\t\t\t\t\t\t<\/div>\n\t\t\t\t<\/div>\n\t\t\t\t<div class=\"elementor-element elementor-element-95be688 subtitulo-pagina elementor-widget elementor-widget-text-editor\" data-id=\"95be688\" data-element_type=\"widget\" data-e-type=\"widget\" data-widget_type=\"text-editor.default\">\n\t\t\t\t<div class=\"elementor-widget-container\">\n\t\t\t\t\t\t\t\t\t<p>EXPANSI\u00d3N DE L\u00cdMITES<\/p>\t\t\t\t\t\t\t\t<\/div>\n\t\t\t\t<\/div>\n\t\t\t\t<div class=\"elementor-element elementor-element-78e39ce elementor-widget elementor-widget-image\" data-id=\"78e39ce\" data-element_type=\"widget\" data-e-type=\"widget\" data-widget_type=\"image.default\">\n\t\t\t\t<div class=\"elementor-widget-container\">\n\t\t\t\t\t\t\t\t\t\t\t\t\t\t\t<img loading=\"lazy\" decoding=\"async\" width=\"92\" height=\"3\" src=\"https:\/\/gruposantaluzia.com.br\/Grupo\/wp-content\/uploads\/2019\/12\/linha-subtitulo.png\" class=\"attachment-large size-large wp-image-138\" alt=\"\" sizes=\"100vw\" \/>\t\t\t\t\t\t\t\t\t\t\t\t\t\t\t<\/div>\n\t\t\t\t<\/div>\n\t\t\t\t<div class=\"elementor-element elementor-element-a13508a elementor-widget elementor-widget-text-editor\" data-id=\"a13508a\" data-element_type=\"widget\" data-e-type=\"widget\" data-widget_type=\"text-editor.default\">\n\t\t\t\t<div class=\"elementor-widget-container\">\n\t\t\t\t\t\t\t\t\t<p>Despu\u00e9s de varias d\u00e9cadas de operar principalmente en la regi\u00f3n sudeste de Brasil, estamos expandiendo nuestra presencia a otros pa\u00edses de Am\u00e9rica Latina y Europa, al tiempo que agregamos nuevos productos y servicios a nuestra cartera.<\/p><p>Ya estamos presentes en Paraguay, ejecutando proyectos de construcci\u00f3n de puentes, rehabilitaci\u00f3n vial y pavimento asf\u00e1ltico; y en Portugal, operando en el mercado inmobiliario.<\/p><p>Nuestra cartera de servicios ahora tambi\u00e9n cubre los sectores de energ\u00eda, saneamiento y medio ambiente.<\/p>\t\t\t\t\t\t\t\t<\/div>\n\t\t\t\t<\/div>\n\t\t\t\t\t<\/div>\n\t\t<\/div>\n\t\t\t\t<div class=\"elementor-column elementor-col-50 elementor-top-column elementor-element elementor-element-b9ebb3b\" data-id=\"b9ebb3b\" data-element_type=\"column\" data-e-type=\"column\">\n\t\t\t<div class=\"elementor-widget-wrap elementor-element-populated\">\n\t\t\t\t\t\t<div class=\"elementor-element elementor-element-5082c5d elementor-widget elementor-widget-image\" data-id=\"5082c5d\" data-element_type=\"widget\" data-e-type=\"widget\" data-widget_type=\"image.default\">\n\t\t\t\t<div class=\"elementor-widget-container\">\n\t\t\t\t\t\t\t\t\t\t\t\t\t\t\t\t<a href=\"https:\/\/gruposantaluzia.com.br\/Grupo\/nuestra-historia\/\">\n\t\t\t\t\t\t\t<img loading=\"lazy\" decoding=\"async\" width=\"525\" height=\"461\" src=\"https:\/\/gruposantaluzia.com.br\/Grupo\/wp-content\/uploads\/2023\/10\/Nuestra-Historia-Home.jpg\" class=\"elementor-animation-grow attachment-large size-large wp-image-2120\" alt=\"Nuestra Historia\" srcset=\"https:\/\/gruposantaluzia.com.br\/Grupo\/wp-content\/uploads\/2023\/10\/Nuestra-Historia-Home.jpg 638w, https:\/\/gruposantaluzia.com.br\/Grupo\/wp-content\/uploads\/2023\/10\/Nuestra-Historia-Home-300x263.jpg 300w\" sizes=\"100vw\" \/>\t\t\t\t\t\t\t\t<\/a>\n\t\t\t\t\t\t\t\t\t\t\t\t\t\t\t<\/div>\n\t\t\t\t<\/div>\n\t\t\t\t<div class=\"elementor-element elementor-element-1d1a992 elementor-widget elementor-widget-image\" data-id=\"1d1a992\" data-element_type=\"widget\" data-e-type=\"widget\" data-widget_type=\"image.default\">\n\t\t\t\t<div class=\"elementor-widget-container\">\n\t\t\t\t\t\t\t\t\t\t\t\t\t\t\t<img loading=\"lazy\" decoding=\"async\" width=\"525\" height=\"318\" src=\"https:\/\/gruposantaluzia.com.br\/Grupo\/wp-content\/uploads\/2019\/12\/quem-somos.jpg\" class=\"attachment-large size-large wp-image-190\" alt=\"\" srcset=\"https:\/\/gruposantaluzia.com.br\/Grupo\/wp-content\/uploads\/2019\/12\/quem-somos.jpg 717w, https:\/\/gruposantaluzia.com.br\/Grupo\/wp-content\/uploads\/2019\/12\/quem-somos-300x182.jpg 300w\" sizes=\"100vw\" \/>\t\t\t\t\t\t\t\t\t\t\t\t\t\t\t<\/div>\n\t\t\t\t<\/div>\n\t\t\t\t<div class=\"elementor-element elementor-element-a5757a7 elementor-widget elementor-widget-image\" data-id=\"a5757a7\" data-element_type=\"widget\" data-e-type=\"widget\" data-widget_type=\"image.default\">\n\t\t\t\t<div class=\"elementor-widget-container\">\n\t\t\t\t\t\t\t\t\t\t\t\t\t\t\t<img loading=\"lazy\" decoding=\"async\" width=\"525\" height=\"318\" src=\"https:\/\/gruposantaluzia.com.br\/Grupo\/wp-content\/uploads\/2019\/12\/quem-somos-2.jpg\" class=\"attachment-large size-large wp-image-191\" alt=\"\" srcset=\"https:\/\/gruposantaluzia.com.br\/Grupo\/wp-content\/uploads\/2019\/12\/quem-somos-2.jpg 717w, https:\/\/gruposantaluzia.com.br\/Grupo\/wp-content\/uploads\/2019\/12\/quem-somos-2-300x182.jpg 300w\" sizes=\"100vw\" \/>\t\t\t\t\t\t\t\t\t\t\t\t\t\t\t<\/div>\n\t\t\t\t<\/div>\n\t\t\t\t\t<\/div>\n\t\t<\/div>\n\t\t\t\t\t<\/div>\n\t\t<\/section>\n\t\t\t\t<\/div>\n\t\t","protected":false},"excerpt":{"rendered":"<p>Qui\u00e9nes somos El Grupo Santa Luzia es sin\u00f3nimo de fiabilidad en el sector de las infraestructuras. A trav\u00e9s de nuestras cuatro empresas &#8211; Minning, Ingenier\u00eda, Concreto y Mortero &#8211; ofrecemos servicios y productos de calidad para proyectos de construcci\u00f3n de todos los tama\u00f1os, incluyendo construcci\u00f3n pesada, comercial, industrial y residencial. Siempre guiados por la \u00e9tica &hellip; <\/p>\n<p class=\"link-more\"><a href=\"https:\/\/gruposantaluzia.com.br\/Grupo\/quienes-somos\/\" class=\"more-link\">Continue lendo<span class=\"screen-reader-text\"> &#8220;Quienes Somos&#8221;<\/span><\/a><\/p>\n","protected":false},"author":1,"featured_media":0,"parent":0,"menu_order":0,"comment_status":"closed","ping_status":"closed","template":"elementor_canvas","meta":{"footnotes":""},"class_list":["post-1962","page","type-page","status-publish","hentry"],"_links":{"self":[{"href":"https:\/\/gruposantaluzia.com.br\/Grupo\/wp-json\/wp\/v2\/pages\/1962","targetHints":{"allow":["GET"]}}],"collection":[{"href":"https:\/\/gruposantaluzia.com.br\/Grupo\/wp-json\/wp\/v2\/pages"}],"about":[{"href":"https:\/\/gruposantaluzia.com.br\/Grupo\/wp-json\/wp\/v2\/types\/page"}],"author":[{"embeddable":true,"href":"https:\/\/gruposantaluzia.com.br\/Grupo\/wp-json\/wp\/v2\/users\/1"}],"replies":[{"embeddable":true,"href":"https:\/\/gruposantaluzia.com.br\/Grupo\/wp-json\/wp\/v2\/comments?post=1962"}],"version-history":[{"count":25,"href":"https:\/\/gruposantaluzia.com.br\/Grupo\/wp-json\/wp\/v2\/pages\/1962\/revisions"}],"predecessor-version":[{"id":2127,"href":"https:\/\/gruposantaluzia.com.br\/Grupo\/wp-json\/wp\/v2\/pages\/1962\/revisions\/2127"}],"wp:attachment":[{"href":"https:\/\/gruposantaluzia.com.br\/Grupo\/wp-json\/wp\/v2\/media?parent=1962"}],"curies":[{"name":"wp","href":"https:\/\/api.w.org\/{rel}","templated":true}]}}