{"id":65,"date":"2019-12-01T15:03:02","date_gmt":"2019-12-01T18:03:02","guid":{"rendered":"http:\/\/gruposantaluzia2.hospedagemdesites.ws\/Grupo\/?page_id=65"},"modified":"2023-10-25T16:39:07","modified_gmt":"2023-10-25T19:39:07","slug":"nossa-historia","status":"publish","type":"page","link":"https:\/\/gruposantaluzia.com.br\/Grupo\/nossa-historia\/","title":{"rendered":"Nossa hist\u00f3ria"},"content":{"rendered":"\t\t<div data-elementor-type=\"wp-page\" data-elementor-id=\"65\" class=\"elementor elementor-65\">\n\t\t\t\t\t\t<section class=\"elementor-section elementor-top-section elementor-element elementor-element-3ac0c08 elementor-section-content-bottom elementor-hidden-desktop elementor-hidden-tablet elementor-section-boxed elementor-section-height-default elementor-section-height-default\" data-id=\"3ac0c08\" data-element_type=\"section\" data-e-type=\"section\">\n\t\t\t\t\t\t<div class=\"elementor-container elementor-column-gap-default\">\n\t\t\t\t\t<div class=\"elementor-column elementor-col-66 elementor-top-column elementor-element elementor-element-a2dbb63\" data-id=\"a2dbb63\" data-element_type=\"column\" data-e-type=\"column\">\n\t\t\t<div class=\"elementor-widget-wrap elementor-element-populated\">\n\t\t\t\t\t\t<div class=\"elementor-element elementor-element-a6e8d41 elementor-widget elementor-widget-image\" data-id=\"a6e8d41\" data-element_type=\"widget\" data-e-type=\"widget\" data-widget_type=\"image.default\">\n\t\t\t\t<div class=\"elementor-widget-container\">\n\t\t\t\t\t\t\t\t\t\t\t\t\t\t\t<img decoding=\"async\" width=\"244\" height=\"106\" src=\"https:\/\/gruposantaluzia.com.br\/Grupo\/wp-content\/uploads\/2019\/12\/logo.png\" class=\"attachment-large size-large wp-image-58\" alt=\"Logo Grupo Santa Luzia\" sizes=\"100vw\" \/>\t\t\t\t\t\t\t\t\t\t\t\t\t\t\t<\/div>\n\t\t\t\t<\/div>\n\t\t\t\t\t<\/div>\n\t\t<\/div>\n\t\t\t\t<div class=\"elementor-column elementor-col-33 elementor-top-column elementor-element elementor-element-24c7dac\" data-id=\"24c7dac\" data-element_type=\"column\" data-e-type=\"column\">\n\t\t\t<div class=\"elementor-widget-wrap elementor-element-populated\">\n\t\t\t\t\t\t<section class=\"elementor-section elementor-inner-section elementor-element elementor-element-790dc7a elementor-section-boxed elementor-section-height-default elementor-section-height-default\" data-id=\"790dc7a\" data-element_type=\"section\" data-e-type=\"section\">\n\t\t\t\t\t\t<div class=\"elementor-container elementor-column-gap-default\">\n\t\t\t\t\t<div class=\"elementor-column elementor-col-100 elementor-inner-column elementor-element elementor-element-020003f\" data-id=\"020003f\" data-element_type=\"column\" data-e-type=\"column\">\n\t\t\t<div class=\"elementor-widget-wrap elementor-element-populated\">\n\t\t\t\t\t\t<div class=\"elementor-element elementor-element-b8eb8b8 elementor-widget__width-auto elementor-widget elementor-widget-image\" data-id=\"b8eb8b8\" data-element_type=\"widget\" data-e-type=\"widget\" data-widget_type=\"image.default\">\n\t\t\t\t<div class=\"elementor-widget-container\">\n\t\t\t\t\t\t\t\t\t\t\t\t\t\t\t\t<a href=\"https:\/\/gruposantaluzia.com.br\/Grupo\/who-we-are\/\">\n\t\t\t\t\t\t\t<img decoding=\"async\" width=\"20\" height=\"13\" src=\"https:\/\/gruposantaluzia.com.br\/Grupo\/wp-content\/uploads\/2023\/09\/bandeira-uk.png\" class=\"attachment-large size-large wp-image-1954\" alt=\"English\" sizes=\"100vw\" \/>\t\t\t\t\t\t\t\t<\/a>\n\t\t\t\t\t\t\t\t\t\t\t\t\t\t\t<\/div>\n\t\t\t\t<\/div>\n\t\t\t\t<div class=\"elementor-element elementor-element-b9916cd elementor-widget__width-auto elementor-widget elementor-widget-image\" data-id=\"b9916cd\" data-element_type=\"widget\" data-e-type=\"widget\" data-widget_type=\"image.default\">\n\t\t\t\t<div class=\"elementor-widget-container\">\n\t\t\t\t\t\t\t\t\t\t\t\t\t\t\t\t<a href=\"https:\/\/gruposantaluzia.com.br\/Grupo\/quienes-somos\/\">\n\t\t\t\t\t\t\t<img decoding=\"async\" width=\"20\" height=\"13\" src=\"https:\/\/gruposantaluzia.com.br\/Grupo\/wp-content\/uploads\/2023\/09\/bandeira-espanha.png\" class=\"attachment-large size-large wp-image-1953\" alt=\"Espa\u00f1ol\" sizes=\"100vw\" \/>\t\t\t\t\t\t\t\t<\/a>\n\t\t\t\t\t\t\t\t\t\t\t\t\t\t\t<\/div>\n\t\t\t\t<\/div>\n\t\t\t\t\t<\/div>\n\t\t<\/div>\n\t\t\t\t\t<\/div>\n\t\t<\/section>\n\t\t\t\t<div class=\"elementor-element elementor-element-c976fdc elementor-widget elementor-widget-wp-widget-maxmegamenu\" data-id=\"c976fdc\" data-element_type=\"widget\" data-e-type=\"widget\" data-widget_type=\"wp-widget-maxmegamenu.default\">\n\t\t\t\t<div class=\"elementor-widget-container\">\n\t\t\t\t\t<div id=\"mega-menu-wrap-top\" class=\"mega-menu-wrap\"><div class=\"mega-menu-toggle\"><div class=\"mega-toggle-blocks-left\"><\/div><div class=\"mega-toggle-blocks-center\"><\/div><div class=\"mega-toggle-blocks-right\"><div class='mega-toggle-block mega-menu-toggle-block mega-toggle-block-1' id='mega-toggle-block-1'><span aria-expanded=\"false\" aria-haspopup=\"true\" role=\"button\" class='mega-toggle-label'><span class='mega-toggle-label-closed'><\/span><span class='mega-toggle-label-open'><\/span><\/span><\/div><\/div><\/div><ul id=\"mega-menu-top\" class=\"mega-menu max-mega-menu mega-menu-horizontal mega-no-js\" data-event=\"hover_intent\" data-effect=\"fade_up\" data-effect-speed=\"200\" data-effect-mobile=\"disabled\" data-effect-speed-mobile=\"0\" data-mobile-force-width=\"body\" data-second-click=\"go\" data-document-click=\"collapse\" data-vertical-behaviour=\"standard\" data-breakpoint=\"900\" data-unbind=\"true\" data-mobile-state=\"collapse_all\" data-mobile-direction=\"vertical\"><li class=\"mega-menu-item mega-menu-item-type-post_type mega-menu-item-object-page mega-menu-item-home mega-menu-item-has-children mega-align-bottom-left mega-menu-flyout mega-menu-item-75 menu-item\" id=\"mega-menu-item-75\"><a class=\"mega-menu-link\" href=\"https:\/\/gruposantaluzia.com.br\/Grupo\/\" aria-expanded=\"false\" aria-controls=\"mega-sub-menu-75\">Quem somos<span class=\"mega-indicator\" aria-hidden=\"true\"><\/span><\/a>\n<ul class=\"mega-sub-menu\" id='mega-sub-menu-75'>\n<li class=\"mega-menu-item mega-menu-item-type-post_type mega-menu-item-object-page mega-menu-item-73 menu-item\" id=\"mega-menu-item-73\"><a class=\"mega-menu-link\" href=\"https:\/\/gruposantaluzia.com.br\/Grupo\/nossa-historia\/\">Nossa hist\u00f3ria<\/a><\/li><\/ul>\n<\/li><li class=\"mega-menu-item mega-menu-item-type-post_type mega-menu-item-object-page mega-align-bottom-left mega-menu-flyout mega-menu-item-74 menu-item\" id=\"mega-menu-item-74\"><a class=\"mega-menu-link\" href=\"https:\/\/gruposantaluzia.com.br\/Grupo\/produtos-e-servicos\/\">Produtos e servi\u00e7os<\/a><\/li><li class=\"mega-menu-item mega-menu-item-type-post_type mega-menu-item-object-page mega-align-bottom-left mega-menu-flyout mega-menu-item-72 menu-item\" id=\"mega-menu-item-72\"><a class=\"mega-menu-link\" href=\"https:\/\/gruposantaluzia.com.br\/Grupo\/sustentabilidade\/\">Sustentabilidade<\/a><\/li><li class=\"mega-menu-item mega-menu-item-type-post_type mega-menu-item-object-page mega-align-bottom-left mega-menu-flyout mega-menu-item-71 menu-item\" id=\"mega-menu-item-71\"><a class=\"mega-menu-link\" href=\"https:\/\/gruposantaluzia.com.br\/Grupo\/contato\/\">Contato<\/a><\/li><\/ul><\/div>\t\t\t\t<\/div>\n\t\t\t\t<\/div>\n\t\t\t\t\t<\/div>\n\t\t<\/div>\n\t\t\t\t\t<\/div>\n\t\t<\/section>\n\t\t\t\t<section class=\"elementor-section elementor-top-section elementor-element elementor-element-0eefa8a elementor-section-content-bottom elementor-hidden-mobile elementor-section-boxed elementor-section-height-default elementor-section-height-default\" data-id=\"0eefa8a\" data-element_type=\"section\" data-e-type=\"section\">\n\t\t\t\t\t\t<div class=\"elementor-container elementor-column-gap-default\">\n\t\t\t\t\t<div class=\"elementor-column elementor-col-33 elementor-top-column elementor-element elementor-element-68745df\" data-id=\"68745df\" data-element_type=\"column\" data-e-type=\"column\">\n\t\t\t<div class=\"elementor-widget-wrap elementor-element-populated\">\n\t\t\t\t\t\t<div class=\"elementor-element elementor-element-e7791e0 elementor-widget elementor-widget-image\" data-id=\"e7791e0\" data-element_type=\"widget\" data-e-type=\"widget\" data-widget_type=\"image.default\">\n\t\t\t\t<div class=\"elementor-widget-container\">\n\t\t\t\t\t\t\t\t\t\t\t\t\t\t\t<img decoding=\"async\" width=\"244\" height=\"106\" src=\"https:\/\/gruposantaluzia.com.br\/Grupo\/wp-content\/uploads\/2019\/12\/logo.png\" class=\"attachment-large size-large wp-image-58\" alt=\"Logo Grupo Santa Luzia\" sizes=\"100vw\" \/>\t\t\t\t\t\t\t\t\t\t\t\t\t\t\t<\/div>\n\t\t\t\t<\/div>\n\t\t\t\t\t<\/div>\n\t\t<\/div>\n\t\t\t\t<div class=\"elementor-column elementor-col-66 elementor-top-column elementor-element elementor-element-824cc7d\" data-id=\"824cc7d\" data-element_type=\"column\" data-e-type=\"column\">\n\t\t\t<div class=\"elementor-widget-wrap elementor-element-populated\">\n\t\t\t\t\t\t<section class=\"elementor-section elementor-inner-section elementor-element elementor-element-91fa336 elementor-section-boxed elementor-section-height-default elementor-section-height-default\" data-id=\"91fa336\" data-element_type=\"section\" data-e-type=\"section\">\n\t\t\t\t\t\t<div class=\"elementor-container elementor-column-gap-default\">\n\t\t\t\t\t<div class=\"elementor-column elementor-col-100 elementor-inner-column elementor-element elementor-element-00d1a00\" data-id=\"00d1a00\" data-element_type=\"column\" data-e-type=\"column\">\n\t\t\t<div class=\"elementor-widget-wrap elementor-element-populated\">\n\t\t\t\t\t\t<div class=\"elementor-element elementor-element-bea9901 elementor-widget__width-auto elementor-widget elementor-widget-image\" data-id=\"bea9901\" data-element_type=\"widget\" data-e-type=\"widget\" data-widget_type=\"image.default\">\n\t\t\t\t<div class=\"elementor-widget-container\">\n\t\t\t\t\t\t\t\t\t\t\t\t\t\t\t\t<a href=\"https:\/\/gruposantaluzia.com.br\/Grupo\/who-we-are\/\">\n\t\t\t\t\t\t\t<img decoding=\"async\" width=\"20\" height=\"13\" src=\"https:\/\/gruposantaluzia.com.br\/Grupo\/wp-content\/uploads\/2023\/09\/bandeira-uk.png\" class=\"attachment-large size-large wp-image-1954\" alt=\"English\" sizes=\"100vw\" \/>\t\t\t\t\t\t\t\t<\/a>\n\t\t\t\t\t\t\t\t\t\t\t\t\t\t\t<\/div>\n\t\t\t\t<\/div>\n\t\t\t\t<div class=\"elementor-element elementor-element-c0d4c07 elementor-widget__width-auto elementor-widget elementor-widget-image\" data-id=\"c0d4c07\" data-element_type=\"widget\" data-e-type=\"widget\" data-widget_type=\"image.default\">\n\t\t\t\t<div class=\"elementor-widget-container\">\n\t\t\t\t\t\t\t\t\t\t\t\t\t\t\t\t<a href=\"https:\/\/gruposantaluzia.com.br\/Grupo\/quienes-somos\/\">\n\t\t\t\t\t\t\t<img decoding=\"async\" width=\"20\" height=\"13\" src=\"https:\/\/gruposantaluzia.com.br\/Grupo\/wp-content\/uploads\/2023\/09\/bandeira-espanha.png\" class=\"attachment-large size-large wp-image-1953\" alt=\"Espa\u00f1ol\" sizes=\"100vw\" \/>\t\t\t\t\t\t\t\t<\/a>\n\t\t\t\t\t\t\t\t\t\t\t\t\t\t\t<\/div>\n\t\t\t\t<\/div>\n\t\t\t\t<div class=\"elementor-element elementor-element-f5e5fec elementor-widget elementor-widget-wp-widget-maxmegamenu\" data-id=\"f5e5fec\" data-element_type=\"widget\" data-e-type=\"widget\" data-widget_type=\"wp-widget-maxmegamenu.default\">\n\t\t\t\t<div class=\"elementor-widget-container\">\n\t\t\t\t\t<div id=\"mega-menu-wrap-top\" class=\"mega-menu-wrap\"><div class=\"mega-menu-toggle\"><div class=\"mega-toggle-blocks-left\"><\/div><div class=\"mega-toggle-blocks-center\"><\/div><div class=\"mega-toggle-blocks-right\"><div class='mega-toggle-block mega-menu-toggle-block mega-toggle-block-1' id='mega-toggle-block-1'><span aria-expanded=\"false\" aria-haspopup=\"true\" role=\"button\" class='mega-toggle-label'><span class='mega-toggle-label-closed'><\/span><span class='mega-toggle-label-open'><\/span><\/span><\/div><\/div><\/div><ul id=\"mega-menu-top\" class=\"mega-menu max-mega-menu mega-menu-horizontal mega-no-js\" data-event=\"hover_intent\" data-effect=\"fade_up\" data-effect-speed=\"200\" data-effect-mobile=\"disabled\" data-effect-speed-mobile=\"0\" data-mobile-force-width=\"body\" data-second-click=\"go\" data-document-click=\"collapse\" data-vertical-behaviour=\"standard\" data-breakpoint=\"900\" data-unbind=\"true\" data-mobile-state=\"collapse_all\" data-mobile-direction=\"vertical\"><li class=\"mega-menu-item mega-menu-item-type-post_type mega-menu-item-object-page mega-menu-item-home mega-menu-item-has-children mega-align-bottom-left mega-menu-flyout mega-menu-item-75 menu-item\" id=\"mega-menu-item-75\"><a class=\"mega-menu-link\" href=\"https:\/\/gruposantaluzia.com.br\/Grupo\/\" aria-expanded=\"false\" aria-controls=\"mega-sub-menu-75\">Quem somos<span class=\"mega-indicator\" aria-hidden=\"true\"><\/span><\/a>\n<ul class=\"mega-sub-menu\" id='mega-sub-menu-75'>\n<li class=\"mega-menu-item mega-menu-item-type-post_type mega-menu-item-object-page mega-menu-item-73 menu-item\" id=\"mega-menu-item-73\"><a class=\"mega-menu-link\" href=\"https:\/\/gruposantaluzia.com.br\/Grupo\/nossa-historia\/\">Nossa hist\u00f3ria<\/a><\/li><\/ul>\n<\/li><li class=\"mega-menu-item mega-menu-item-type-post_type mega-menu-item-object-page mega-align-bottom-left mega-menu-flyout mega-menu-item-74 menu-item\" id=\"mega-menu-item-74\"><a class=\"mega-menu-link\" href=\"https:\/\/gruposantaluzia.com.br\/Grupo\/produtos-e-servicos\/\">Produtos e servi\u00e7os<\/a><\/li><li class=\"mega-menu-item mega-menu-item-type-post_type mega-menu-item-object-page mega-align-bottom-left mega-menu-flyout mega-menu-item-72 menu-item\" id=\"mega-menu-item-72\"><a class=\"mega-menu-link\" href=\"https:\/\/gruposantaluzia.com.br\/Grupo\/sustentabilidade\/\">Sustentabilidade<\/a><\/li><li class=\"mega-menu-item mega-menu-item-type-post_type mega-menu-item-object-page mega-align-bottom-left mega-menu-flyout mega-menu-item-71 menu-item\" id=\"mega-menu-item-71\"><a class=\"mega-menu-link\" href=\"https:\/\/gruposantaluzia.com.br\/Grupo\/contato\/\">Contato<\/a><\/li><\/ul><\/div>\t\t\t\t<\/div>\n\t\t\t\t<\/div>\n\t\t\t\t\t<\/div>\n\t\t<\/div>\n\t\t\t\t\t<\/div>\n\t\t<\/section>\n\t\t\t\t\t<\/div>\n\t\t<\/div>\n\t\t\t\t\t<\/div>\n\t\t<\/section>\n\t\t\t\t<section class=\"elementor-section elementor-top-section elementor-element elementor-element-24c5db8c elementor-section-height-min-height elementor-section-items-bottom elementor-section-content-bottom elementor-section-boxed elementor-section-height-default\" data-id=\"24c5db8c\" data-element_type=\"section\" data-e-type=\"section\" data-settings=\"{&quot;background_background&quot;:&quot;classic&quot;}\">\n\t\t\t\t\t\t<div class=\"elementor-container elementor-column-gap-default\">\n\t\t\t\t\t<div class=\"elementor-column elementor-col-100 elementor-top-column elementor-element elementor-element-117c29cb\" data-id=\"117c29cb\" data-element_type=\"column\" data-e-type=\"column\">\n\t\t\t<div class=\"elementor-widget-wrap elementor-element-populated\">\n\t\t\t\t\t\t<div class=\"elementor-element elementor-element-72fbc787 chamada-fotos elementor-widget elementor-widget-text-editor\" data-id=\"72fbc787\" data-element_type=\"widget\" data-e-type=\"widget\" data-widget_type=\"text-editor.default\">\n\t\t\t\t<div class=\"elementor-widget-container\">\n\t\t\t\t\t\t\t\t\t<p>75 anos de hist\u00f3ria<\/p>\t\t\t\t\t\t\t\t<\/div>\n\t\t\t\t<\/div>\n\t\t\t\t\t<\/div>\n\t\t<\/div>\n\t\t\t\t\t<\/div>\n\t\t<\/section>\n\t\t\t\t<section class=\"elementor-section elementor-top-section elementor-element elementor-element-1bb6391f elementor-section-boxed elementor-section-height-default elementor-section-height-default\" data-id=\"1bb6391f\" data-element_type=\"section\" data-e-type=\"section\">\n\t\t\t\t\t\t<div class=\"elementor-container elementor-column-gap-default\">\n\t\t\t\t\t<div class=\"elementor-column elementor-col-100 elementor-top-column elementor-element elementor-element-66800f49\" data-id=\"66800f49\" data-element_type=\"column\" data-e-type=\"column\">\n\t\t\t<div class=\"elementor-widget-wrap elementor-element-populated\">\n\t\t\t\t\t\t<div class=\"elementor-element elementor-element-4a2124ea elementor-widget elementor-widget-spacer\" data-id=\"4a2124ea\" data-element_type=\"widget\" data-e-type=\"widget\" data-widget_type=\"spacer.default\">\n\t\t\t\t<div class=\"elementor-widget-container\">\n\t\t\t\t\t\t\t<div class=\"elementor-spacer\">\n\t\t\t<div class=\"elementor-spacer-inner\"><\/div>\n\t\t<\/div>\n\t\t\t\t\t\t<\/div>\n\t\t\t\t<\/div>\n\t\t\t\t<div class=\"elementor-element elementor-element-3c39ce8b titulo-pagina elementor-widget elementor-widget-text-editor\" data-id=\"3c39ce8b\" data-element_type=\"widget\" data-e-type=\"widget\" data-widget_type=\"text-editor.default\">\n\t\t\t\t<div class=\"elementor-widget-container\">\n\t\t\t\t\t\t\t\t\t<p>Nossa hist\u00f3ria<\/p>\t\t\t\t\t\t\t\t<\/div>\n\t\t\t\t<\/div>\n\t\t\t\t<div class=\"elementor-element elementor-element-5ba49651 elementor-widget elementor-widget-image\" data-id=\"5ba49651\" data-element_type=\"widget\" data-e-type=\"widget\" data-widget_type=\"image.default\">\n\t\t\t\t<div class=\"elementor-widget-container\">\n\t\t\t\t\t\t\t\t\t\t\t\t\t\t\t<img loading=\"lazy\" decoding=\"async\" width=\"120\" height=\"3\" src=\"https:\/\/gruposantaluzia.com.br\/Grupo\/wp-content\/uploads\/2019\/12\/linha-titulo-2.png\" class=\"attachment-large size-large wp-image-165\" alt=\"\" srcset=\"https:\/\/gruposantaluzia.com.br\/Grupo\/wp-content\/uploads\/2019\/12\/linha-titulo-2.png 120w, https:\/\/gruposantaluzia.com.br\/Grupo\/wp-content\/uploads\/2019\/12\/linha-titulo-2-100x3.png 100w\" sizes=\"100vw\" \/>\t\t\t\t\t\t\t\t\t\t\t\t\t\t\t<\/div>\n\t\t\t\t<\/div>\n\t\t\t\t\t<\/div>\n\t\t<\/div>\n\t\t\t\t\t<\/div>\n\t\t<\/section>\n\t\t\t\t<section class=\"elementor-section elementor-top-section elementor-element elementor-element-74b6a6e2 elementor-section-boxed elementor-section-height-default elementor-section-height-default\" data-id=\"74b6a6e2\" data-element_type=\"section\" data-e-type=\"section\">\n\t\t\t\t\t\t<div class=\"elementor-container elementor-column-gap-default\">\n\t\t\t\t\t<div class=\"elementor-column elementor-col-50 elementor-top-column elementor-element elementor-element-16a81169\" data-id=\"16a81169\" data-element_type=\"column\" data-e-type=\"column\">\n\t\t\t<div class=\"elementor-widget-wrap elementor-element-populated\">\n\t\t\t\t\t\t<div class=\"elementor-element elementor-element-5a3e6867 elementor-widget elementor-widget-text-editor\" data-id=\"5a3e6867\" data-element_type=\"widget\" data-e-type=\"widget\" data-widget_type=\"text-editor.default\">\n\t\t\t\t<div class=\"elementor-widget-container\">\n\t\t\t\t\t\t\t\t\t<p>Em 1949, aos 17 anos, Ars\u00eanio Ferreira da Veiga desembarcava no porto do Rio de Janeiro, oriundo de uma aldeia ao norte de Portugal. Fugia das persegui\u00e7\u00f5es pol\u00edticas da ditadura salazarista e da obrigatoriedade do servi\u00e7o militar nas col\u00f4nias portuguesas.<\/p><p>Instalado na capital fluminense, Ars\u00eanio trabalhou como feirante e motorista, chegando a ser propriet\u00e1rio de uma empresa de \u00f4nibus. Em 1963, resolveu abandonar o setor de transportes e comprou a Pedreira Santa Luzia, no sub\u00farbio de \u00c1gua Santa, especializada no beneficiamento de granito e brita.<\/p><p>Com tino para neg\u00f3cios, empres\u00e1rio dedicado e atencioso com funcion\u00e1rios e clientes, nas d\u00e9cadas seguintes Ars\u00eanio viu sua empresa, rebatizada de Materiais de Constru\u00e7\u00e3o Santa Luzia, crescer e conquistar o mercado de agregados p\u00e9treos no Rio de Janeiro.<\/p><p>Em 1997, com a inaugura\u00e7\u00e3o da linha amarela, Ars\u00eanio decidiu investir no mercado de constru\u00e7\u00e3o civil, criando a Nova Santa Luzia Engenharia (atual Santa Luzia Engenharia e Constru\u00e7\u00f5es), voltada para a execu\u00e7\u00e3o de obras p\u00fablicas e privadas no estado do Rio de Janeiro.<\/p><p>A partir de 1999, com a finaliza\u00e7\u00e3o de importantes obras de infraestrutura no Rio de Janeiro, como a constru\u00e7\u00e3o do Porto de Itagua\u00ed e do Arco Metropolitano e a duplica\u00e7\u00e3o da Rodovia Rio-Santos, Ars\u00eanio vislumbrou novas oportunidades tamb\u00e9m para o setor de minera\u00e7\u00e3o. Diante disso, decidiu transferir suas empresas para uma \u00e1rea de 10 milh\u00f5es de metros quadrados no munic\u00edpio de Itagua\u00ed, onde contaria com uma localiza\u00e7\u00e3o mais estrat\u00e9gica para seus neg\u00f3cios. Nessa ocasi\u00e3o, alterou o nome de sua empresa de agregados p\u00e9treos para Minera\u00e7\u00e3o Santa Luzia.<\/p><p>Nos anos seguintes, visando alavancar neg\u00f3cios e oferecer mais agilidade e pre\u00e7os para os seus clientes, resolveu investir na cria\u00e7\u00e3o de outras duas empresas \u2013 uma de fabrica\u00e7\u00e3o de concreto usinado e outra de produ\u00e7\u00e3o de argamassas. Nascia o Grupo Santa Luzia.<\/p><p>Exemplo de esp\u00edrito empreendedor e retid\u00e3o de car\u00e1ter, admirado por seus funcion\u00e1rios e respeitado por seus fornecedores e clientes, sr. Ars\u00eanio faleceu em 2012, aos 80 anos, deixando muitas saudades entre seus familiares e colaboradores.<\/p><p>Trazendo em seu DNA as qualidades do seu fundador, hoje o Grupo Santa Luzia \u00e9 uma holding que administra 12 empresas no setor de constru\u00e7\u00e3o civil e infraestrutura e continua a crescer, enfrentando desafios, gerando empregos e contribuindo com a moderniza\u00e7\u00e3o das regi\u00f5es onde atua.<\/p>\t\t\t\t\t\t\t\t<\/div>\n\t\t\t\t<\/div>\n\t\t\t\t\t<\/div>\n\t\t<\/div>\n\t\t\t\t<div class=\"elementor-column elementor-col-50 elementor-top-column elementor-element elementor-element-520af740\" data-id=\"520af740\" data-element_type=\"column\" data-e-type=\"column\">\n\t\t\t<div class=\"elementor-widget-wrap elementor-element-populated\">\n\t\t\t\t\t\t<div class=\"elementor-element elementor-element-74efd63e elementor-widget elementor-widget-image\" data-id=\"74efd63e\" data-element_type=\"widget\" data-e-type=\"widget\" data-widget_type=\"image.default\">\n\t\t\t\t<div class=\"elementor-widget-container\">\n\t\t\t\t\t\t\t\t\t\t\t\t\t\t\t<img loading=\"lazy\" decoding=\"async\" width=\"300\" height=\"300\" src=\"https:\/\/gruposantaluzia.com.br\/Grupo\/wp-content\/uploads\/2019\/12\/logo-75-anos-menor.jpg\" class=\"attachment-large size-large wp-image-254\" alt=\"\" srcset=\"https:\/\/gruposantaluzia.com.br\/Grupo\/wp-content\/uploads\/2019\/12\/logo-75-anos-menor.jpg 300w, https:\/\/gruposantaluzia.com.br\/Grupo\/wp-content\/uploads\/2019\/12\/logo-75-anos-menor-150x150.jpg 150w, https:\/\/gruposantaluzia.com.br\/Grupo\/wp-content\/uploads\/2019\/12\/logo-75-anos-menor-100x100.jpg 100w\" sizes=\"100vw\" \/>\t\t\t\t\t\t\t\t\t\t\t\t\t\t\t<\/div>\n\t\t\t\t<\/div>\n\t\t\t\t<div class=\"elementor-element elementor-element-5d09e47b elementor-widget elementor-widget-image\" data-id=\"5d09e47b\" data-element_type=\"widget\" data-e-type=\"widget\" data-widget_type=\"image.default\">\n\t\t\t\t<div class=\"elementor-widget-container\">\n\t\t\t\t\t\t\t\t\t\t\t\t\t\t\t<img loading=\"lazy\" decoding=\"async\" width=\"525\" height=\"318\" src=\"https:\/\/gruposantaluzia.com.br\/Grupo\/wp-content\/uploads\/2019\/12\/historia-foto-2.jpg\" class=\"attachment-large size-large wp-image-197\" alt=\"\" srcset=\"https:\/\/gruposantaluzia.com.br\/Grupo\/wp-content\/uploads\/2019\/12\/historia-foto-2.jpg 717w, https:\/\/gruposantaluzia.com.br\/Grupo\/wp-content\/uploads\/2019\/12\/historia-foto-2-300x182.jpg 300w\" sizes=\"100vw\" \/>\t\t\t\t\t\t\t\t\t\t\t\t\t\t\t<\/div>\n\t\t\t\t<\/div>\n\t\t\t\t<div class=\"elementor-element elementor-element-7f315454 elementor-widget elementor-widget-image\" data-id=\"7f315454\" data-element_type=\"widget\" data-e-type=\"widget\" data-widget_type=\"image.default\">\n\t\t\t\t<div class=\"elementor-widget-container\">\n\t\t\t\t\t\t\t\t\t\t\t\t\t\t\t<img loading=\"lazy\" decoding=\"async\" width=\"485\" height=\"578\" src=\"https:\/\/gruposantaluzia.com.br\/Grupo\/wp-content\/uploads\/2019\/12\/historia-foto-3.jpg\" class=\"attachment-large size-large wp-image-198\" alt=\"\" srcset=\"https:\/\/gruposantaluzia.com.br\/Grupo\/wp-content\/uploads\/2019\/12\/historia-foto-3.jpg 485w, https:\/\/gruposantaluzia.com.br\/Grupo\/wp-content\/uploads\/2019\/12\/historia-foto-3-252x300.jpg 252w\" sizes=\"100vw\" \/>\t\t\t\t\t\t\t\t\t\t\t\t\t\t\t<\/div>\n\t\t\t\t<\/div>\n\t\t\t\t\t<\/div>\n\t\t<\/div>\n\t\t\t\t\t<\/div>\n\t\t<\/section>\n\t\t\t\t<\/div>\n\t\t","protected":false},"excerpt":{"rendered":"<p>75 anos de hist\u00f3ria Nossa hist\u00f3ria Em 1949, aos 17 anos, Ars\u00eanio Ferreira da Veiga desembarcava no porto do Rio de Janeiro, oriundo de uma aldeia ao norte de Portugal. Fugia das persegui\u00e7\u00f5es pol\u00edticas da ditadura salazarista e da obrigatoriedade do servi\u00e7o militar nas col\u00f4nias portuguesas. Instalado na capital fluminense, Ars\u00eanio trabalhou como feirante e &hellip; <\/p>\n<p class=\"link-more\"><a href=\"https:\/\/gruposantaluzia.com.br\/Grupo\/nossa-historia\/\" class=\"more-link\">Continue lendo<span class=\"screen-reader-text\"> &#8220;Nossa hist\u00f3ria&#8221;<\/span><\/a><\/p>\n","protected":false},"author":1,"featured_media":0,"parent":0,"menu_order":0,"comment_status":"closed","ping_status":"closed","template":"elementor_canvas","meta":{"footnotes":""},"class_list":["post-65","page","type-page","status-publish","hentry"],"_links":{"self":[{"href":"https:\/\/gruposantaluzia.com.br\/Grupo\/wp-json\/wp\/v2\/pages\/65","targetHints":{"allow":["GET"]}}],"collection":[{"href":"https:\/\/gruposantaluzia.com.br\/Grupo\/wp-json\/wp\/v2\/pages"}],"about":[{"href":"https:\/\/gruposantaluzia.com.br\/Grupo\/wp-json\/wp\/v2\/types\/page"}],"author":[{"embeddable":true,"href":"https:\/\/gruposantaluzia.com.br\/Grupo\/wp-json\/wp\/v2\/users\/1"}],"replies":[{"embeddable":true,"href":"https:\/\/gruposantaluzia.com.br\/Grupo\/wp-json\/wp\/v2\/comments?post=65"}],"version-history":[{"count":9,"href":"https:\/\/gruposantaluzia.com.br\/Grupo\/wp-json\/wp\/v2\/pages\/65\/revisions"}],"predecessor-version":[{"id":2170,"href":"https:\/\/gruposantaluzia.com.br\/Grupo\/wp-json\/wp\/v2\/pages\/65\/revisions\/2170"}],"wp:attachment":[{"href":"https:\/\/gruposantaluzia.com.br\/Grupo\/wp-json\/wp\/v2\/media?parent=65"}],"curies":[{"name":"wp","href":"https:\/\/api.w.org\/{rel}","templated":true}]}}